 + (1 - -3) + -2 + -3. Let l = k - -121. Suppose -l*u + 28*u = 252. What is the greatest common factor of u and 42?
21
Let g = 111 + -95. Suppose -t - t = -g. What is the greatest common factor of 4 and t?
4
Let a = -5 - -12. Let z(x) = -186*x - 7114. Let t be z(-39). What is the greatest common divisor of t and a?
7
Suppose 2*x = -2*x - 5*q - 412, 3*x + 316 = -2*q. Let c be (-14928)/x - 2/9. Let g = c - -42. What is the greatest common factor of g and 20?
20
Let f be (-63 + -2)*(0 + -1). Suppose 562 = 4*a + 22. Suppose -99 - a = -9*d. Calculate the greatest common divisor of f and d.
13
Let g = 2503 + -2499. Let p be (-24)/9*18/(-8). Let x be 1/(-2) - (-27)/p. What is the greatest common factor of g and x?
4
Suppose -2*s - 27103 = -5*q, -78*q = -74*q + 5*s - 21722. Calculate the greatest common factor of 55 and q.
11
Suppose 0 = 4*j - j - y - 988, 0 = -4*y - 28. Calculate the highest common divisor of 21909 and j.
327
Suppose -430*j + 699152 = -2341808. What is the highest common divisor of j and 128?
32
Let y(t) = -t + 10. Let h be y(6). Let i = 9097 + -9081. Calculate the greatest common factor of i and h.
4
Let q(t) = -3*t**3 + 13*t**2 - 2*t - 13. Let y be q(5). Let m = -36 - y. What is the highest common divisor of 481 and m?
37
Let f(u) = -29 + 304*u + u**2 - 147*u - 153*u. Let v be f(7). What is the greatest common factor of v and 64?
16
Let h(b) = -b + 27. Let v be h(17). Suppose 0 = v*t - 16*t + 2538. Calculate the greatest common divisor of 47 and t.
47
Let m be (-58)/(-3) - (-8)/12. Let h be -2 + -4 - -9 - 0. Suppose -208 + 118 = -h*w. What is the highest common factor of w and m?
10
Suppose -2*y + 17 + 30 = -5*z, 5*z = y - 26. Suppose -166 = 9*o - 346. Suppose 0 = 5*c - o*c + 1260. Calculate the highest common factor of c and y.
21
Let k = 720 + -717. Let b be 12*(1325/20 - k). Calculate the highest common divisor of 33 and b.
33
Suppose -9*v + 60 = 6. Suppose -3*p = -v*h + 4*h + 125, 2*h - 105 = -p. What is the highest common divisor of h and 11?
11
Suppose -3*v + 51 = -3*x, 3*x - 4*v = -48 - 3. Let b(q) = q**3 + 18*q**2 + 19*q + 90. Let y be b(x). Calculate the highest common divisor of y and 7.
7
Let u = 679 + -700. Let m be -7 + (-5950)/u - 4/12. What is the highest common factor of 12 and m?
12
Let a be (12/18 + 0)*405. Calculate the greatest common factor of 378 and a.
54
Suppose -4*g + 2*q = -4, 4*g = -3*q - 1 + 15. Suppose 0 = -17*r - 107 - 29. Let a be r/(-10)*(-315)/(-14). What is the highest common divisor of a and g?
2
Let q(t) = 5*t - 5. Let h be q(22). Let b = -95 + h. What is the highest common divisor of 2 and b?
2
Let i(s) = 94 + 320*s**3 + 28*s + 28*s**2 + 18 - 321*s**3 - 2*s. Let r be i(29). What is the highest common divisor of 75 and r?
25
Let u = 2287 + -2247. Calculate the highest common divisor of 1480 and u.
40
Let n = 9714 - 9663. Calculate the highest common divisor of 20553 and n.
51
Let i(v) = -653*v**3 - v**2 - 6*v - 2. Let m be i(-1). What is the highest common divisor of m and 369?
41
Let u(d) = 189*d**2 - 1502*d - 5. Let o be u(8). Calculate the greatest common divisor of o and 35.
5
Suppose -11572 - 30783 - 11405 = -120*q. What is the highest common divisor of q and 14?
14
Suppose -11 = g - 11. Suppose 2*o + 7 + 187 = g. Let x = -93 - o. Calculate the greatest common factor of 1 and x.
1
Let a(l) = -7*l**2 + 11*l - 33. Let b(i) = 20*i**2 - 34*i + 98. Let k(r) = 14*a(r) + 5*b(r). Let y be k(7). What is the highest common divisor of 98 and y?
14
Let r = 10 + -7. Suppose 25*t - 6 = -81. Let y be 56*1 + (t + r)/3. What is the highest common divisor of 7 and y?
7
Let f be (-114)/(2 - 5) + 0. Suppose -f = 4*v + 2. Let g(w) = -6*w + 6. Let j be g(v). What is the highest common factor of 6 and j?
6
Let a(o) = -3*o**2 - 9*o**2 + 17*o**2 - 87*o + 21 - 2*o**2. Let x be a(29). Calculate the highest common divisor of 12 and x.
3
Suppose -n + 87 = 2*p, -2*p = 3*n - 95 + 14. Let a be (9/(-15))/(9/p) + 894. What is the highest common divisor of a and 33?
33
Suppose 1 = 10*y - 11*y. Suppose 3*j - 5*o = 0, -6 = 3*o + 3. Let m be j + 7 + y + 4. What is the greatest common divisor of m and 45?
5
Let u(c) = 41*c**3 - 3*c**2 + 2. Let r be u(1). Let v(x) = 4*x + 60. Let g be v(0). What is the greatest common factor of g and r?
20
Suppose 12*j - 1125 = 26*j - 89*j. Calculate the highest common divisor of 410 and j.
5
Let g be 2/(-13) - (-12)/78. Suppose -3*s + 21 - 6 = g. Suppose -2*d + d + 5 = p, s*d = p - 29. What is the greatest common divisor of 18 and p?
9
Let b be (-4 - -3) + (14 - 0). Let l be (3 - -56) + -6 + 3. Suppose -2*y = 4*r - y - 53, 4*y - l = -4*r. Calculate the greatest common divisor of b and r.
13
Let z = 11581 + -11571. Suppose -5*n - 370 = -5*q, 2*q + 128 = 4*q + 3*n. Calculate the highest common divisor of q and z.
10
Let q = -57 - -51. Let r be (-180)/(-8) - 9/q. Let a be (-58)/(-4)*r/12. Calculate the highest common divisor of a and 145.
29
Suppose 3635 = 65*p - 1825. Let l = -3 + 99. What is the greatest common divisor of l and p?
12
Let x be ((-9)/15)/(3/(-1950)). Calculate the greatest common divisor of x and 510.
30
Suppose 2*o = 5*h + 167, -495 = -5*o - 2*h - h. Suppose -4*x - 5*s + 40 - 73 = 0, -2*x + 14*s = -132. What is the greatest common divisor of o and x?
3
Let v = -104 - -103. Let c be 11/(2/4 - v/(-6)). Suppose -h + 2*l + 126 = 0, -4*h - 3*l = -397 - 140. What is the greatest common divisor of c and h?
33
Suppose q - 18*q + 5760 = 28*q. What is the highest common factor of 176 and q?
16
Let s = -160 - -139. Let h(t) = t**2 + 17*t - 36. Let z be h(s). What is the greatest common factor of z and 16?
16
Let u = 10110 - 9862. What is the highest common divisor of u and 93?
31
Let l be (1064/72*-3)/(2/(-6)). Let c = l + -90. Calculate the greatest common divisor of c and 172.
43
Let r be (0 - (-2)/4) + (855/6 - -2). What is the greatest common divisor of r and 1537?
29
Suppose -2366 + 18172 = 83*n + 285. Calculate the greatest common factor of 612 and n.
17
Let t(p) = -p**2 + 24*p + 2. Let g be t(24). Let b be 23 + (g - (1 + -6)). Calculate the highest common factor of b and 135.
15
Let r(b) be the third derivative of b**6/120 + b**5/15 - 17*b**4/24 - 3*b**3 - 309*b**2. Let t be r(-5). What is the highest common divisor of t and 266?
14
Suppose -32*m = -46*m + 42. Suppose x - j + 83 = 3*x, m*j = 3*x - 129. What is the highest common factor of 78 and x?
6
Suppose -1892 = -5*o + 7*f, -4*o + 4*f + 1516 = -f. What is the greatest common divisor of 832 and o?
64
Let c be -3*12*5/30*-15. Suppose -6*l + 6 - 18 = 0. Let v = l + 12. What is the greatest common divisor of v and c?
10
Let g = 10 + 18. Let z be 7/g + (-94)/8*-1. Calculate the highest common divisor of z and 36.
12
Let o be 16920/96*(-16)/(-6). What is the highest common factor of 22 and o?
2
Let i = -158 + 165. Let u = i - -8. Suppose p = 4 + 11. Calculate the highest common factor of p and u.
15
Let a(q) = q**3 - 3*q**2 + 4*q - 7. Let t be a(2). Let f(c) = c**2 + 4*c + 5. Let k be f(t). What is the greatest common divisor of 7 and k?
1
Let z = 24862 + -24857. Calculate the greatest common divisor of z and 7705.
5
Let n(a) = -a**2 + 14. Let f be n(4). Let t be (-1 + 2 + f)/(54/(-6642)). Calculate the greatest common factor of t and 6.
3
Let u(v) = v**3 - 20*v**2 - 111*v - 296. Let o be u(25). What is the highest common factor of o and 168?
6
Let d be (-4988)/(-6) - 2/(-3). Let n be (-1)/(-3) + d/24. Suppose 4*u = -5*f - 5, 2*f - 5 = -124*u + 121*u. What is the highest common divisor of n and u?
5
Let m(a) = a**3 - a**2 - 3*a. Let c be m(2). Let h be (0 - c) + 2 + 62. Let f = h + -47. What is the greatest common divisor of 19 and f?
19
Let f = -14 + 110. Suppose 7*k + f = 3*k. Let n = -19 - k. Calculate the highest common divisor of 40 and n.
5
Let x(l) = 13*l**2 - 10. Let w = 150 + -152. Let b be x(w). Calculate the greatest common factor of b and 714.
42
Let c be 414/(-7)*(-10 - -3). Let s = c + -412. Calculate the greatest common factor of 9 and s.
1
Suppose -17*x = 2*g - 20*x - 1, -2*g - x = -13. Let y be (1/(g + -3))/((-7)/(-882)). Calculate the greatest common factor of y and 168.
21
Let f be 2*-1*1 + 102. Let u = 146 - f. Let g = 337091 + -336976. Calculate the greatest common factor of g and u.
23
Let s = -532 - -530. Let 